{"id":962,"date":"2021-07-15T20:35:18","date_gmt":"2021-07-15T18:35:18","guid":{"rendered":"https:\/\/www.jeanfrancoiscabestan.com\/archicab\/?page_id=962"},"modified":"2026-04-01T17:51:24","modified_gmt":"2026-04-01T15:51:24","slug":"page-daccueil","status":"publish","type":"page","link":"https:\/\/www.jeanfrancoiscabestan.com\/archicab\/","title":{"rendered":"Page d&rsquo;accueil"},"content":{"rendered":"\n<div class=\"wp-block-columns is-layout-flex wp-container-10\">\n<div class=\"wp-block-column is-layout-flow\">\n<div class=\"wp-block-group is-layout-flow\"><div class=\"wp-block-group__inner-container\">\n<figure class=\"wp-block-image size-full is-style-default\"><a href=\"https:\/\/www.jeanfrancoiscabestan.com\/archicab\/causes-patrimoniales\/notre-dame-ses-abords-et-lile-de-la-cite\/2022\/03\/03\/actes-des-journees-detude-organisees-les-7-8-juin-2021-et-le-31-mars-2022\/\"><img decoding=\"async\" loading=\"lazy\" width=\"500\" height=\"375\" src=\"https:\/\/www.jeanfrancoiscabestan.com\/archicab\/wp-content\/uploads\/_homepage\/notre-dame-ses-abords-et-lile-de-la-cite.jpg\" alt=\"\" class=\"wp-image-1322\" srcset=\"https:\/\/www.jeanfrancoiscabestan.com\/archicab\/wp-content\/uploads\/_homepage\/notre-dame-ses-abords-et-lile-de-la-cite.jpg 500w, https:\/\/www.jeanfrancoiscabestan.com\/archicab\/wp-content\/uploads\/_homepage\/notre-dame-ses-abords-et-lile-de-la-cite-300x225.jpg 300w\" sizes=\"(max-width: 500px) 100vw, 500px\" \/><\/a><\/figure>\n\n\n\n<h5 class=\"wp-block-heading has-vivid-red-color has-text-color\">Les abords de Notre-Dame<br>actes des journ\u00e9es d&rsquo;\u00e9tude organis\u00e9es<\/h5>\n\n\n\n<div class=\"wp-block-buttons is-layout-flex\">\n<div class=\"wp-block-button has-custom-width wp-block-button__width-100\"><a class=\"wp-block-button__link has-background wp-element-button\" href=\"https:\/\/www.jeanfrancoiscabestan.com\/archicab\/causes-patrimoniales\/notre-dame-ses-abords-et-lile-de-la-cite\/2022\/03\/03\/actes-des-journees-detude-organisees-les-7-8-juin-2021-et-le-31-mars-2022\/\" style=\"border-radius:5px;background-color:#98aabd\">Consulter<\/a><\/div>\n<\/div>\n<\/div><\/div>\n<\/div>\n\n\n\n<div class=\"wp-block-column is-layout-flow\">\n<div class=\"wp-block-group is-layout-flow\"><div class=\"wp-block-group__inner-container\">\n<figure class=\"wp-block-image size-full is-style-default\"><a href=\"https:\/\/www.jeanfrancoiscabestan.com\/archicab\/journees-detude\/emprises-nobiliaires-et-religieuses-en-mutation\/2025\/04\/16\/journee-detude-11\/\"><img decoding=\"async\" loading=\"lazy\" width=\"500\" height=\"375\" src=\"https:\/\/www.jeanfrancoiscabestan.com\/archicab\/wp-content\/uploads\/_homepage\/emprises-nobiliaires.png\" alt=\"\" class=\"wp-image-1321\" srcset=\"https:\/\/www.jeanfrancoiscabestan.com\/archicab\/wp-content\/uploads\/_homepage\/emprises-nobiliaires.png 500w, https:\/\/www.jeanfrancoiscabestan.com\/archicab\/wp-content\/uploads\/_homepage\/emprises-nobiliaires-300x225.png 300w\" sizes=\"(max-width: 500px) 100vw, 500px\" \/><\/a><\/figure>\n\n\n\n<h5 class=\"wp-block-heading has-vivid-red-color has-text-color\">Journ\u00e9e d&rsquo;\u00e9tude du 16 avril 2025<br>Emprises nobiliaires et religieuses en mutation<\/h5>\n\n\n\n<div class=\"wp-block-buttons is-layout-flex\">\n<div class=\"wp-block-button has-custom-width wp-block-button__width-100\"><a class=\"wp-block-button__link has-background wp-element-button\" href=\"https:\/\/www.jeanfrancoiscabestan.com\/archicab\/journees-detude\/emprises-nobiliaires-et-religieuses-en-mutation\/2025\/04\/16\/journee-detude-11\/\" style=\"border-radius:5px;background-color:#98aabd\">Consulter le dossier<\/a><\/div>\n<\/div>\n<\/div><\/div>\n<\/div>\n\n\n\n<div class=\"wp-block-column is-layout-flow\">\n<div class=\"wp-block-group is-layout-flow\"><div class=\"wp-block-group__inner-container\">\n<figure class=\"wp-block-image size-full\"><a href=\"https:\/\/www.jeanfrancoiscabestan.com\/archicab\/a-propos-de-jfc\/2023\/11\/17\/grand-ecran-et-videos\/\"><img decoding=\"async\" loading=\"lazy\" width=\"500\" height=\"375\" src=\"https:\/\/www.jeanfrancoiscabestan.com\/archicab\/wp-content\/uploads\/_homepage\/grand-ecran-et-videos.jpg\" alt=\"\" class=\"wp-image-1250\" srcset=\"https:\/\/www.jeanfrancoiscabestan.com\/archicab\/wp-content\/uploads\/_homepage\/grand-ecran-et-videos.jpg 500w, https:\/\/www.jeanfrancoiscabestan.com\/archicab\/wp-content\/uploads\/_homepage\/grand-ecran-et-videos-300x225.jpg 300w\" sizes=\"(max-width: 500px) 100vw, 500px\" \/><\/a><\/figure>\n\n\n\n<h5 class=\"wp-block-heading\">GRAND ECRAN ET VID\u00c9OS<br>&nbsp;<\/h5>\n\n\n\n<div class=\"wp-block-buttons is-layout-flex\">\n<div class=\"wp-block-button has-custom-width wp-block-button__width-100\"><a class=\"wp-block-button__link has-background wp-element-button\" href=\"https:\/\/www.jeanfrancoiscabestan.com\/archicab\/a-propos-de-jfc\/2023\/11\/17\/grand-ecran-et-videos\/\" style=\"border-radius:5px;background-color:#98aabd\">Consulter<\/a><\/div>\n<\/div>\n<\/div><\/div>\n<\/div>\n<\/div>\n\n\n\n<div class=\"wp-block-columns is-layout-flex wp-container-20\">\n<div class=\"wp-block-column is-layout-flow\">\n<div class=\"wp-block-group is-layout-flow\"><div class=\"wp-block-group__inner-container\">\n<figure class=\"wp-block-image size-full\"><a href=\"https:\/\/www.jeanfrancoiscabestan.com\/archicab\/category\/causes-patrimoniales\/jardins-de-pierre-ruines-vestiges-et-traces-en-milieu-urbain\/\"><img decoding=\"async\" loading=\"lazy\" width=\"500\" height=\"375\" src=\"https:\/\/www.jeanfrancoiscabestan.com\/archicab\/wp-content\/uploads\/_homepage\/jardins-de-pierre.jpg\" alt=\"\" class=\"wp-image-1139\" srcset=\"https:\/\/www.jeanfrancoiscabestan.com\/archicab\/wp-content\/uploads\/_homepage\/jardins-de-pierre.jpg 500w, https:\/\/www.jeanfrancoiscabestan.com\/archicab\/wp-content\/uploads\/_homepage\/jardins-de-pierre-300x225.jpg 300w\" sizes=\"(max-width: 500px) 100vw, 500px\" \/><\/a><\/figure>\n\n\n\n<h5 class=\"wp-block-heading\">Jardins de pierre : ruines, vestiges et traces en milieu urbain<\/h5>\n\n\n\n<div class=\"wp-block-buttons is-layout-flex\">\n<div class=\"wp-block-button has-custom-width wp-block-button__width-100\"><a class=\"wp-block-button__link has-background wp-element-button\" href=\"https:\/\/www.jeanfrancoiscabestan.com\/archicab\/category\/causes-patrimoniales\/jardins-de-pierre-ruines-vestiges-et-traces-en-milieu-urbain\/\" style=\"border-radius:5px;background-color:#98aabd\">Consulter le dossier<\/a><\/div>\n<\/div>\n<\/div><\/div>\n<\/div>\n\n\n\n<div class=\"wp-block-column is-layout-flow\">\n<div class=\"wp-block-group is-layout-flow\"><div class=\"wp-block-group__inner-container\">\n<figure class=\"wp-block-image size-full\"><a href=\"https:\/\/www.jeanfrancoiscabestan.com\/archicab\/category\/causes-patrimoniales\/parvis-deglises-et-amenagements-paysagers\/\"><img decoding=\"async\" loading=\"lazy\" width=\"500\" height=\"375\" src=\"https:\/\/www.jeanfrancoiscabestan.com\/archicab\/wp-content\/uploads\/_homepage\/JE-31-03-2022.png\" alt=\"\" class=\"wp-image-1089\" srcset=\"https:\/\/www.jeanfrancoiscabestan.com\/archicab\/wp-content\/uploads\/_homepage\/JE-31-03-2022.png 500w, https:\/\/www.jeanfrancoiscabestan.com\/archicab\/wp-content\/uploads\/_homepage\/JE-31-03-2022-300x225.png 300w\" sizes=\"(max-width: 500px) 100vw, 500px\" \/><\/a><\/figure>\n\n\n\n<h5 class=\"wp-block-heading\"><em><\/em>Parvis d&rsquo;\u00e9glises et am\u00e9nagements paysagers<\/h5>\n\n\n\n<div class=\"wp-block-buttons is-layout-flex\">\n<div class=\"wp-block-button has-custom-width wp-block-button__width-100\"><a class=\"wp-block-button__link has-background wp-element-button\" href=\"https:\/\/www.jeanfrancoiscabestan.com\/archicab\/category\/causes-patrimoniales\/parvis-deglises-et-amenagements-paysagers\/\" style=\"border-radius:5px;background-color:#98aabd\">Consulter le dossier<\/a><\/div>\n<\/div>\n<\/div><\/div>\n<\/div>\n\n\n\n<div class=\"wp-block-column is-layout-flow\">\n<div class=\"wp-block-group is-layout-flow\"><div class=\"wp-block-group__inner-container\">\n<figure class=\"wp-block-image size-full is-style-default\"><a href=\"https:\/\/www.jeanfrancoiscabestan.com\/archicab\/category\/causes-patrimoniales\/notre-dame-ses-abords-et-lile-de-la-cite\/\"><img decoding=\"async\" loading=\"lazy\" width=\"500\" height=\"378\" src=\"https:\/\/www.jeanfrancoiscabestan.com\/archicab\/wp-content\/uploads\/_homepage\/notre-dame.png\" alt=\"\" class=\"wp-image-976\" srcset=\"https:\/\/www.jeanfrancoiscabestan.com\/archicab\/wp-content\/uploads\/_homepage\/notre-dame.png 500w, https:\/\/www.jeanfrancoiscabestan.com\/archicab\/wp-content\/uploads\/_homepage\/notre-dame-300x227.png 300w\" sizes=\"(max-width: 500px) 100vw, 500px\" \/><\/a><\/figure>\n\n\n\n<h5 class=\"wp-block-heading\"><meta charset=\"utf-8\"><em><meta charset=\"utf-8\"><\/em>Paris, Notre-Dame, ses abords et l\u2019\u00eele de la Cit\u00e9<\/h5>\n\n\n\n<div class=\"wp-block-buttons is-layout-flex\">\n<div class=\"wp-block-button has-custom-width wp-block-button__width-100\"><a class=\"wp-block-button__link has-background wp-element-button\" href=\"https:\/\/www.jeanfrancoiscabestan.com\/archicab\/category\/causes-patrimoniales\/notre-dame-ses-abords-et-lile-de-la-cite\/\" style=\"border-radius:5px;background-color:#98aabd\">Consulter le dossier<\/a><\/div>\n<\/div>\n<\/div><\/div>\n<\/div>\n<\/div>\n","protected":false},"excerpt":{"rendered":"<p>Les abords de Notre-Dameactes des journ\u00e9es d&rsquo;\u00e9tude organis\u00e9es Journ\u00e9e d&rsquo;\u00e9tude du 16 avril 2025Emprises nobiliaires et religieuses en mutation GRAND ECRAN ET VID\u00c9OS&nbsp; Jardins de pierre : ruines, vestiges et traces en milieu urbain Parvis d&rsquo;\u00e9glises et am\u00e9nagements paysagers Paris, Notre-Dame, ses abords et l\u2019\u00eele de la Cit\u00e9<\/p>\n","protected":false},"author":2,"featured_media":0,"parent":0,"menu_order":0,"comment_status":"closed","ping_status":"closed","template":"","meta":[],"_links":{"self":[{"href":"https:\/\/www.jeanfrancoiscabestan.com\/archicab\/wp-json\/wp\/v2\/pages\/962"}],"collection":[{"href":"https:\/\/www.jeanfrancoiscabestan.com\/archicab\/wp-json\/wp\/v2\/pages"}],"about":[{"href":"https:\/\/www.jeanfrancoiscabestan.com\/archicab\/wp-json\/wp\/v2\/types\/page"}],"author":[{"embeddable":true,"href":"https:\/\/www.jeanfrancoiscabestan.com\/archicab\/wp-json\/wp\/v2\/users\/2"}],"replies":[{"embeddable":true,"href":"https:\/\/www.jeanfrancoiscabestan.com\/archicab\/wp-json\/wp\/v2\/comments?post=962"}],"version-history":[{"count":54,"href":"https:\/\/www.jeanfrancoiscabestan.com\/archicab\/wp-json\/wp\/v2\/pages\/962\/revisions"}],"predecessor-version":[{"id":1339,"href":"https:\/\/www.jeanfrancoiscabestan.com\/archicab\/wp-json\/wp\/v2\/pages\/962\/revisions\/1339"}],"wp:attachment":[{"href":"https:\/\/www.jeanfrancoiscabestan.com\/archicab\/wp-json\/wp\/v2\/media?parent=962"}],"curies":[{"name":"wp","href":"https:\/\/api.w.org\/{rel}","templated":true}]}}