{"id":2,"date":"2018-09-19T21:52:37","date_gmt":"2018-09-19T19:52:37","guid":{"rendered":"https:\/\/www.jeanfrancoiscabestan.com\/archicab\/?page_id=2"},"modified":"2021-10-25T15:22:38","modified_gmt":"2021-10-25T13:22:38","slug":"a-propos-de-jean-francois-cabestan","status":"publish","type":"page","link":"https:\/\/www.jeanfrancoiscabestan.com\/archicab\/a-propos-de-jean-francois-cabestan\/","title":{"rendered":"A propos de Jean-Fran\u00e7ois Cabestan"},"content":{"rendered":"<figure id=\"attachment_286\" aria-describedby=\"caption-attachment-286\" style=\"width: 147px\" class=\"wp-caption alignleft\"><img decoding=\"async\" loading=\"lazy\" class=\"wp-image-286 size-full\" src=\"https:\/\/www.jeanfrancoiscabestan.com\/archicab\/wp-content\/uploads\/a-propos\/portrait.png\" alt=\"\" width=\"147\" height=\"221\" \/><figcaption id=\"caption-attachment-286\" class=\"wp-caption-text\">\u00a9 Sergio Grazia<\/figcaption><\/figure>\n<p>Jean-Fran\u00e7ois Cabestan, historien de l&rsquo;architecture, enseigne \u00e0 l&rsquo;Universit\u00e9 Paris 1 &#8211; Panth\u00e9on-Sorbonne.<\/p>\n<p>\u00c0 l&rsquo;INHA, son s\u00e9minaire \u00abHabitat et patrimoine\u00bb et les s\u00e9ances qu&rsquo;il organise hors les murs sont des moments de rencontre et de confrontation des savoirs, entre les \u00e9tudiants et l&rsquo;ensemble des protagonistes qui, de mani\u00e8re th\u00e9orique ou pratique, interviennent sur la ville historique.<\/p>\n<p>Architecte du patrimoine, il est co-fondateur de la soci\u00e9t\u00e9 Attrapa, agence d&rsquo;\u00e9tudes historiques et patrimoniales (ATelier de TRAnsformation des PAtrimoines).<\/p>\n<p>Depuis une dizaine d&rsquo;ann\u00e9es il tient pour la revue AMC Moniteur une chronique sur les op\u00e9rations de reconversion qui marquent l&rsquo;actualit\u00e9 architecturale contemporaine. Membre de la Commission du secteur sauvegard\u00e9 du VIIe arrt, il est un habitu\u00e9 des d\u00e9bats patrimoniaux.<\/p>\n<p><a href=\"https:\/\/www.jeanfrancoiscabestan.com\/archicab\/contact\/\">Contact<\/a><\/p>\n","protected":false},"excerpt":{"rendered":"<p>Jean-Fran\u00e7ois Cabestan, historien de l&rsquo;architecture, enseigne \u00e0 l&rsquo;Universit\u00e9 Paris 1 &#8211; Panth\u00e9on-Sorbonne. \u00c0 l&rsquo;INHA, son s\u00e9minaire \u00abHabitat et patrimoine\u00bb et les s\u00e9ances qu&rsquo;il organise hors les murs sont des moments de rencontre et de confrontation des savoirs, entre les \u00e9tudiants et l&rsquo;ensemble des protagonistes qui, de mani\u00e8re th\u00e9orique ou pratique, interviennent sur la ville historique. [&hellip;]<\/p>\n","protected":false},"author":2,"featured_media":0,"parent":0,"menu_order":0,"comment_status":"closed","ping_status":"closed","template":"","meta":[],"_links":{"self":[{"href":"https:\/\/www.jeanfrancoiscabestan.com\/archicab\/wp-json\/wp\/v2\/pages\/2"}],"collection":[{"href":"https:\/\/www.jeanfrancoiscabestan.com\/archicab\/wp-json\/wp\/v2\/pages"}],"about":[{"href":"https:\/\/www.jeanfrancoiscabestan.com\/archicab\/wp-json\/wp\/v2\/types\/page"}],"author":[{"embeddable":true,"href":"https:\/\/www.jeanfrancoiscabestan.com\/archicab\/wp-json\/wp\/v2\/users\/2"}],"replies":[{"embeddable":true,"href":"https:\/\/www.jeanfrancoiscabestan.com\/archicab\/wp-json\/wp\/v2\/comments?post=2"}],"version-history":[{"count":9,"href":"https:\/\/www.jeanfrancoiscabestan.com\/archicab\/wp-json\/wp\/v2\/pages\/2\/revisions"}],"predecessor-version":[{"id":1067,"href":"https:\/\/www.jeanfrancoiscabestan.com\/archicab\/wp-json\/wp\/v2\/pages\/2\/revisions\/1067"}],"wp:attachment":[{"href":"https:\/\/www.jeanfrancoiscabestan.com\/archicab\/wp-json\/wp\/v2\/media?parent=2"}],"curies":[{"name":"wp","href":"https:\/\/api.w.org\/{rel}","templated":true}]}}

A propos de Jean-François Cabestan

<figure id="attachment_286" aria-describedby="caption-attachment-286" style="width: 147px" class="wp-caption alignleft"><img decoding="async" loading="lazy" class="wp-image-286 size-full" src="https://www.jeanfrancoiscabestan.com/archicab/wp-content/uploads/a-propos/portrait.png" alt="" width="147" height="221" /><figcaption id="caption-attachment-286" class="wp-caption-text">© Sergio Grazia</figcaption></figure>
<p>Jean-François Cabestan, historien de l&rsquo;architecture, enseigne à l&rsquo;Université Paris 1 &#8211; Panthéon-Sorbonne.</p>
<p>À l&rsquo;INHA, son séminaire «Habitat et patrimoine» et les séances qu&rsquo;il organise hors les murs sont des moments de rencontre et de confrontation des savoirs, entre les étudiants et l&rsquo;ensemble des protagonistes qui, de manière théorique ou pratique, interviennent sur la ville historique.</p>
<p>Architecte du patrimoine, il est co-fondateur de la société Attrapa, agence d&rsquo;études historiques et patrimoniales (ATelier de TRAnsformation des PAtrimoines).</p>
<p>Depuis une dizaine d&rsquo;années il tient pour la revue AMC Moniteur une chronique sur les opérations de reconversion qui marquent l&rsquo;actualité architecturale contemporaine. Membre de la Commission du secteur sauvegardé du VIIe arrt, il est un habitué des débats patrimoniaux.</p>
<p><a href="https://www.jeanfrancoiscabestan.com/archicab/contact/">Contact</a></p>

<p>Jean-François Cabestan, historien de l&rsquo;architecture, enseigne à l&rsquo;Université Paris 1 &#8211; Panthéon-Sorbonne. À l&rsquo;INHA, son séminaire «Habitat et patrimoine» et les séances qu&rsquo;il organise hors les murs sont des moments de rencontre et de confrontation des savoirs, entre les étudiants et l&rsquo;ensemble des protagonistes qui, de manière théorique ou pratique, interviennent sur la ville historique. [&hellip;]</p>
